rivative of t**6/120 + 2*t**5/15 + 3*t**4/8 + 5*t**3/6 - 12*t**2. Suppose -34*o + 42*o = 22*o + 98. Give h(o).
-9
Let o(s) = 6 + 189 - 79*s + 202*s - 109*s - 32. Determine o(-11).
9
Let t(l) be the third derivative of l**6/120 - l**5/60 + l**4/6 + 65*l**3/6 + 61*l**2. Let a(s) be the first derivative of t(s). Determine a(3).
25
Let h = -40 + 73. Let m be h/2 + (-3)/6. Suppose -13*s + m*s = -9. Let z(t) = -t**3 - 2*t**2 + 2*t - 3. Calculate z(s).
0
Let c(l) be the first derivative of -l**3/3 - 5*l**2/2 + 17*l - 4595. Determine c(-7).
3
Let k(p) = 35*p - 55. Let n(m) = -19*m + 30. Let w(s) = 5*k(s) + 9*n(s). What is w(-8)?
-37
Let k(h) = -2*h**2 + 0*h**2 - 2 + 3*h**2 - 10*h. Let t be k(10). Let l be t/(((-4)/(-6))/((-2)/(-6))). Let r(n) = 6*n**2 - n - 1. Determine r(l).
6
Let r(t) be the first derivative of t**2 - 13*t - 1. Let v be 32967/3996*(-32)/(-22). Give r(v).
11
Let c(v) = -v**3 + v + 1. Let l(p) = 14*p**3 - p**2 - 2*p - 4. Let n(d) = -3*c(d) - l(d). Suppose 0 = 96*k - 21*k - 75. What is n(k)?
-10
Let v = -598 - -601. Let a(m) = -m**2 - 2*m + 8. What is a(v)?
-7
Let p(f) = -3*f**2 + 30*f - 18. Let v be p(9). Let w(q) = 2*q + v*q - 17*q + 8*q + 2. Suppose 3*s = 2*d + 1, s = 3*d - 4*d - 3. Give w(d).
-2
Let j be (93/(-18) - -5)*-18. Suppose -9 = j*q, 20*q = 5*p + 21*q + 33. Let s(u) = u**2 + 3*u - 2. What is s(p)?
16
Let g(n) = -4*n**2 + n - 1. Let c(x) = -3 - 6*x**2 + 0 + 1 + 3*x**2 + 2*x. Let d(h) = -5*c(h) + 4*g(h). Calculate d(-8).
-10
Suppose -3*w = -5*c - 715 - 109, 4*c - w + 655 = 0. Let x = 171 + c. Let d(o) = o**3 - 8*o**2 - 9. Give d(x).
-9
Suppose -p = -2*k + 2*p + 3, -3*k + 5 = -5*p. Suppose k = 4*l - 216 - 400. Let b = l - 154. Let c(x) = x**2 - x + 12. Calculate c(b).
12
Let q be (-3)/(-21)*-2 - (12 - 420/98). Let u(t) = 5*t - 10. Calculate u(q).
-50
Let x(v) = -2*v. Suppose -5*f - 2 = 4*l, -f = 3*l + 3*f + 2. Suppose -26 = -l*d + o + o, -5*o - 57 = -4*d. What is x(d)?
-16
Let a = -2 + 2. Let b(r) = 3*r - r**2 - 4*r + 4 + a*r + 2*r + 6*r. Let w(n) = -n - 8. Let k be w(-12). Give b(k).
16
Let b(s) = 6*s. Let i = -53 + 52. Let a(z) = -z. Let p(n) = i*b(n) - 8*a(n). Give p(7).
14
Let h(i) = i**3 + 8*i**2 + 15*i + 17. Let v = -14787 - -14781. Calculate h(v).
-1
Suppose 5*y - 20 = 5*p, -6 = -y - 20*p + 19*p. Let h(b) be the second derivative of 7/2*b**2 + 5/6*b**3 + 1/20*b**5 - 1/2*b**4 - 2*b + 0. Determine h(y).
7
Suppose -33 = -5*m - 2*l, 0*l = -4*m + l + 16. Let h(a) = 9*a + m - 3 - 10*a. Suppose 6 = -5*b - 9. Determine h(b).
5
Let z(w) = -24*w - 49. Let o be z(-2). Let p(t) = -t. Let s(v) = -6*v - 1 - 2*v + v. Let y(a) = 6*p(a) - s(a). Give y(o).
0
Let f = 366 - 366. Let u(d) = -3*d - 66. Give u(f).
-66
Let u(y) = 29*y - 1712. Let g be u(59). Let t(k) = 26*k**3 + k**2 - 3*k - 2. What is t(g)?
-24
Let p be 0 + 16 + (4 - 16). Let l(f) be the first derivative of f**2 + 2. Calculate l(p).
8
Suppose 0 = -k - 1 - 1. Let h be -5 + -2 - (1 - k). Let b(g) = g. Let m(s) = -s**2 - 25*s - 6. Let c(a) = -15*b(a) - m(a). What is c(h)?
6
Let f(u) = 2*u**2 + 2. Let l be (-5)/5*(-7 - -1). Let i(j) = 6*j - 56. Let v be i(l). Let z be (-12)/(-5) + 8/v. Give f(z).
10
Let f = -5630 - -5637. Let z(x) = 2*x - 1. Determine z(f).
13
Let i(z) = 3*z - 122. Let x(o) = 2*o - 66. Let v(n) = 2*i(n) - 5*x(n). What is v(0)?
86
Let z(h) = 106*h - 951. Let m(s) = s**2 - 3*s - 121. Let v be m(-10). Calculate z(v).
3
Let q(s) be the second derivative of -3*s**5/20 - 17*s**4/12 + 3*s**3/2 + s**2 + 193*s - 5. Give q(-6).
-16
Let b be (1 - (-6)/(-10)) + 2/(-5). Let o(u) = u + 3 - 3 + b. Let y be ((-3)/2)/(12/16). Determine o(y).
-2
Let c(r) be the second derivative of -2*r**3/3 - 7*r**2/2 + 766*r. What is c(-3)?
5
Let q(y) = y**2 - 54*y + 109. Suppose 148 = -8165*c + 8239*c. Determine q(c).
5
Let t(h) = -h**2 + 5*h + 3. Let v be 2/6 + (-3)/9. Let f be (1 + 2)*(70/15 + -3). Suppose -2*i - 3*c + 21 = v, f*i + c - 24 = 9. Calculate t(i).
-3
Let j(l) = 5*l**3 - 2*l**2 - l. Let s be (-2)/6*(7 - (-3)/(-3)). Let f be 1/(((-2)/(s - 0))/(-1)). Determine j(f).
-6
Let b(i) = -4*i + 3. Let k(c) = -8*c + 5. Let v(p) = 5*b(p) - 3*k(p). Let j = -65 + 71. Let a(g) = -3*g - 1. Let x(q) = j*a(q) + 5*v(q). What is x(6)?
6
Let j(q) = -55*q - 149. Let z(d) = 7*d - 2. Let a(s) = j(s) + 4*z(s). Give a(-6).
5
Suppose -3*h = -4*o - o - 14, 4*h = 2*o - 14. Let v(i) = i**3 + 7*i**2 - i + 6. Calculate v(h).
13
Suppose 4*d - 5*l + 638 = 0, -18*l = 2*d - 16*l + 328. Let j = d - -156. Let v(r) = -r**2 - 4*r + 3. Calculate v(j).
-9
Let k(w) = -w**3 - 22*w**2 - 29*w + 32. Let q be k(-23). Let s(y) = -q - 5*y + y**2 + 617 + 608. What is s(-4)?
33
Let k(z) = -12*z**2 + 5*z - 3. Suppose 0 = -4854*x + 4867*x - 39. Determine k(x).
-96
Let c(k) = 406*k + 11228. Let r(o) = -2*o - 57. Let s(m) = c(m) + 196*r(m). Calculate s(-5).
-14
Let j(w) = -4*w + 4. Let t = -229 - -231. Suppose -7 = t*x + 5. Give j(x).
28
Let r = 8 + -6. Suppose 2*l - r = 6. Let k(a) = 726*a**2 + 13*a + 7. Let b(m) = 311*m**2 + 6*m + 3. Let s(x) = 14*b(x) - 6*k(x). Give s(l).
-8
Suppose 3*x - h + 6 = -2, 4*h = 3*x - 4. Let k(p) = p**2 - 5*p - 20. Give k(x).
16
Let h(u) be the second derivative of u**4/4 + 4*u**3/3 + u**2 - 115*u. Let n be h(-3). Let o(v) = -v - 7. What is o(n)?
-12
Let t(h) be the second derivative of -5*h**3/2 + 3*h**2/2 - 6*h + 2. Let g = 136 + -134. What is t(g)?
-27
Suppose 2078*j + 72 = 2114*j. Let w(d) be the first derivative of -2 - j*d + 2*d**2 - 4/3*d**3 - 1/4*d**4. Calculate w(-5).
3
Let w(k) = 24*k - 18. Let h(x) = x**2 - 27*x + 17. Let b(p) = 2*h(p) + 3*w(p). What is b(-10)?
0
Suppose -15 = -u - 8. Let a(w) = w**3 - 7*w - 3*w**2 - 10*w - u*w + 28*w. Give a(4).
32
Let x(c) = c**3 + 23*c**2 + 42*c + 7. Suppose 14*m - 64 = 4*q + 18*m, -4*q + 2*m = 94. Calculate x(q).
7
Let p be (8/(-6))/((-34)/(-255)). Let k(j) be the first derivative of j**4/4 + 3*j**3 - 5*j**2 - 6*j + 1889. Determine k(p).
-6
Let y(r) = -7*r - 18 - 11*r - 10*r + 30*r. Give y(10).
2
Let h be -3*((-1)/(-4))/(12/(-48)). Let t(q) = -19*q + 8*q + 4*q + h*q - q**2 - 7. Let j(a) = -a**3 - 6*a**2 + 2*a + 7. Let d be j(-6). What is t(d)?
-12
Let b be 285/114*(-4)/5. Let l(y) = -11*y + 2. Let w(o) = -20*o + 5. Let p(g) = b*w(g) + 5*l(g). What is p(1)?
-15
Let l be 3*3/(-27)*0/(-1 + 8). Let j(w) be the first derivative of -19 + 2/3*w**3 - 11/4*w**4 + l*w + 1/2*w**2. What is j(-1)?
12
Let k(t) be the second derivative of 1/12*t**4 + 2 - 27*t + 21/2*t**2 + 5/3*t**3. Give k(-8).
5
Suppose -5 = -2592*f + 2591*f. Let l(x) = 2*x**2 + 8*x - 1. Let y(j) = j**2 + j. Let v be (6/4)/((-1)/2). Let k(b) = v*y(b) + l(b). Determine k(f).
-1
Let a(r) = -15374*r + 7684*r + 7704*r - 84. Give a(5).
-14
Let r(b) = b**2 - 6*b + 1. Let i be (-42)/12*4/7. Let w be (4 - 3)/(i - 75/(-35)). Give r(w).
8
Let k be (6/(-9))/(8/(-108) + 0). Let g(q) = -27 + 5*q + 40 - k. What is g(3)?
19
Let i(p) = -1336*p - 32 + 1340*p + 49. What is i(0)?
17
Let h(m) be the first derivative of m**4/24 - 5*m**2 - 8. Let b(j) be the second derivative of h(j). Let k(p) = p + 1. Let g be k(-4). Calculate b(g).
-3
Let d be (-1)/((-14)/(-46)) + (-236)/(-826). Let y(o) = -56*o + 42. Let q(u) = 19*u - 16. Let t(a) = d*y(a) - 8*q(a). What is t(2)?
34
Let v be (-2)/(-1) + -1 + 6. Let g(i) = 13*i - 11. Let l be g(1). Let s(j) = v - 2*j + l*j - 3 + j. Determine s(-4).
0
Suppose 3*i = -5*l - 17, -3 - 11 = 2*i + 4*l. Suppose 0 = -5*r - 2*w + 1, 5*r - 3 = -2*w + w. Let s(t) = -151*t - r - 5*t**2 + 153*t + 2*t**2. Give s(i).
-2
Let o(c) = 83*c**3 - 57*c**2 - 2*c - 60 - 43*c**3 - 41*c**3 + 20*c**2. What is o(-37)?
14
Suppose -2*b + 2*m = 7*m - 27, -b = -3*m + 14. Let y(d) = 20*d**3 + 2*d**2 - 9*d + 8. What is y(b)?
21
Let s(j) = -153 + 312 + 6*j - 166 - j**2. What is s(5)?
-2
Suppose 69*s - 6 = 75*s. Let m(j) = -5*j + 8. Let k(r) = -3*r. Let h(z) = s*m(z) + k(z). Give h(5).
2
Let q(l) = -l**3 - 33*l**2 + 33*l - 37. Suppose 0 = -5*g + 8*g, 4*g - 34 = a. Let h be q(a). Let v(z) = z**2 + 3*z + 2. What is v(h)?
2
Let j be (6/12)/(3/12). Let f(o) = j*o + 7 - 4 - 6*o. Give f(2).
-5
Let v(f) be the first derivative of 5*f - 1/2*f**2 + 126. Determine v(12).
-7
Let j(y) = y + 2. Suppose 0 = u + 2 - 4. Suppose 3*g = -3*p, -4*p = -u*g - 0*p - 24. What is j(g)?
-2
Let u(v) be the second derivative of v**5/20 - 3*v**4/4 -